, 5*v = -5. What is the tens digit of s?
6
Let m = 46 - 20. What is the units digit of m?
6
Suppose 5*f - 125 = s, -4*f + s - 5*s + 100 = 0. What is the units digit of f?
5
Let h = -9 - -40. What is the tens digit of h?
3
Let l(u) be the first derivative of u**3 - u**2/2 - 2. What is the tens digit of l(2)?
1
Suppose -3*y = -2*c - 6, 5*y = -2 - 8. Let i(q) = -q**3 - 6*q**2 - q - 5. What is the units digit of i(c)?
1
Let r(c) = 4*c**2 + c - 2. What is the tens digit of r(-3)?
3
Suppose -19*o = -11*o - 2168. What is the tens digit of o?
7
Suppose -3*p - 92 = -7*p. What is the units digit of p?
3
Let c(a) = 2*a - 2. Let v be c(3). Suppose v*h - 2*i - 14 = -0*i, 0 = 4*h - 5*i - 29. Let m(z) = 4*z + 1. What is the units digit of m(h)?
5
Suppose 0*k = 6*k + 12. Let b = 9 + k. What is the units digit of b?
7
Let r(y) = 6. Let s(o) = -o - 1. Let l(c) = -r(c) - 3*s(c). Let i be l(2). Suppose 14 = 4*q - 0*q - i*v, 0 = 4*q + 2*v - 24. What is the units digit of q?
5
What is the tens digit of 32 + -33 + 4*-1*-3?
1
Let q(h) = -22*h**3 - 5. What is the units digit of q(-2)?
1
Let g = -7 - -12. Let m(w) = w**2 - 2*w - 1. What is the units digit of m(g)?
4
Let i(v) = 2*v - 4. Let m be i(-10). Let c = m + 14. What is the tens digit of (-114)/c - 4/10?
1
Suppose 2*u - 10 = 0, 4*l - 5*u = -u + 116. What is the units digit of l?
4
Suppose 4*y - 28 = 2*b, 4*y + 2*b = y + 14. Suppose -w = w + y. Let v(t) = -t**3 - 3*t**2 - t + 1. What is the units digit of v(w)?
4
Let q(x) = 5 - 12*x - 2*x**2 - 2 - 3 + 8. What is the units digit of q(-6)?
8
Let d(s) = -s**2 - 6*s + 7. Let x be d(-7). Suppose -2*i + 3*f = -x*i - 39, 0 = 5*i + 3*f - 66. What is the units digit of i?
5
Suppose 0 = -3*b + 2*b + 53. What is the tens digit of b?
5
Let a(u) = u**2 + 3*u - 1. Let w be a(-3). What is the tens digit of 8 - 5 - 30/w?
3
Let b(c) = -c - 1. Let w be b(-2). Suppose 0 = -3*z + 2*z - w. Let u = 2 + z. What is the units digit of u?
1
Let t = -1 + 10. Let o = 5 + -12. Let v = t - o. What is the tens digit of v?
1
Let o(b) = b + 4. Let v be o(-4). What is the units digit of -5 + 3 - -9 - v?
7
Let y be 0*(2/(-4) + 0). Let v(g) = 2*g - 10. Let d be v(6). Suppose -d*j = -y*j - 18. What is the units digit of j?
9
Suppose 0*x + x = 36. What is the units digit of x?
6
Suppose 31 - 65 = -2*y. What is the units digit of y?
7
Suppose -2*h - 102 = -2*u, -2*u - 3*u + 3*h = -249. What is the units digit of u?
8
Suppose -h = -0 - 77. What is the tens digit of h?
7
Let p be (1/(-2))/(3/(-48)). Let r(j) = j - 6. What is the units digit of r(p)?
2
Let j(w) = -w**3 - 5*w**2 - 4*w + 2. Let v be j(-4). Suppose -4*c + 3*c + v = 0. Suppose 4*n = c*n + 2. What is the units digit of n?
1
Suppose 0 = -2*t + o - 21, 3*t = 3*o - o - 31. What is the units digit of -1 - t - (-1)/(-1)?
9
Let y(c) = 13 + 2*c**2 + 0*c - c**2 - 11*c. Let d be y(10). Suppose 0*f + 2 = 2*f - 3*q, -2*q = d*f - 16. What is the units digit of f?
4
Suppose 5*c - 11 = -1. Suppose 20 = c*g - 14. What is the tens digit of g?
1
Suppose -5*c = 3*g - c - 27, g - 2*c = 9. What is the units digit of g?
9
Let z = 5 - 10. Let u = 7 + z. What is the units digit of u?
2
Suppose -5*u + 135 = 5*a, 3*a = -2*u + 3*u - 43. What is the tens digit of u?
3
Suppose 15 = -2*g + 3*b + 2*b, 2*g - 2*b = -6. Suppose -2*z + 10 = 0, 0 = -g*r + r + 2*z - 14. What is the units digit of r?
4
Let w(q) = -q - 10. Let v be w(-6). Let t = v + 6. What is the units digit of t?
2
Let x be ((-15)/(-6))/(1/18). Suppose -3*g - x = -8*g. What is the units digit of g?
9
Let l = 37 + -8. What is the tens digit of l?
2
Let w(z) be the third derivative of 0*z**3 + 0*z - 1/8*z**4 + 1/120*z**6 - 1/15*z**5 + z**2 + 0. What is the tens digit of w(5)?
1
Let w(j) = j**3 - 6*j**2 + 2*j + 4. Suppose -2*o + 24 = 2*o. What is the units digit of w(o)?
6
Suppose -2*z = -3*t + 21, -7 = -t + 2*z - 4*z. Let l = -15 + 28. Let n = l - t. What is the units digit of n?
6
Suppose 0 = -2*b - 3*a + 8, 5*b - 3*a = 2*a - 5. Let m be (1 - (0 - b)) + 8. What is the units digit of (-18)/(-10) - (-2)/m?
2
Suppose g - 20 = -4*g. Let d = 0 + g. What is the units digit of d?
4
Let b(f) = 3*f + 2. Let y be b(-1). What is the units digit of -2*y*9/6?
3
Let p(u) = -u**3 + u**2 + u + 85. What is the units digit of p(0)?
5
Let c be 9/4 - 3/12. Suppose -m = -c*m. Suppose 4*l - 34 = o, 5*l + 2*o - 19 - 17 = m. What is the units digit of l?
8
Let r(w) = -4*w - 4. Let d(u) = -8*u - 7. Let h(l) = -4*d(l) + 7*r(l). What is the units digit of h(3)?
2
Suppose h - 3*h = 44. Let g be (-612)/(-22) + (-4)/h. Suppose -7 = 3*c - g. What is the units digit of c?
7
Let b(h) = h**3 + 4*h**2 - 4*h - 2. What is the tens digit of b(-4)?
1
What is the units digit of (-2331)/(-81) - 4/(-18)?
9
Let o(l) = -7*l + 9. Let r(n) = n**3 - 5*n**2 + 4*n - 6. Let q be r(4). What is the units digit of o(q)?
1
Let x(b) = -b**3 - 7*b**2 + 2. Let n be x(-7). Let t(g) = g - 8 - g**2 - 8*g - g**2 + 3*g**n. What is the units digit of t(9)?
0
Let k(i) = -54*i - 7. What is the units digit of k(-2)?
1
Let t(p) = 2*p - 3*p - 2 + 5. What is the units digit of t(-3)?
6
Suppose -10 = -5*z - 0. Suppose -o - 42 = -4*m, z*o - 5*o = -6. What is the units digit of m?
1
Suppose 3*a = -20*a + 6716. What is the units digit of a?
2
Suppose -n - 3*n = 40. Let m be (6/n)/(2/(-10)). Suppose -m = -2*i + 1. What is the units digit of i?
2
Suppose 0 = 2*i - 0*i - 66. What is the tens digit of i/(-2)*(-2 - 0)?
3
Let m = -92 + 114. What is the tens digit of m?
2
Let j(u) = 4*u**2 - 2. What is the tens digit of j(3)?
3
Let l be -2*(-11)/2*1. Let d = l + -7. Suppose 0*v + d*v = y + 17, v - 3 = -y. What is the units digit of v?
4
Suppose 2 = 4*c - 3*q - 3, 0 = 4*q - 4. Let t = -1 - 0. Let y = c + t. What is the units digit of y?
1
Suppose 0 = -0*u + 2*u - 4. What is the units digit of (-3)/(1/u + -1)?
6
Let y(l) = l**2 - 4*l - 1. Let p(x) = 3*x**2 - 13*x - 2. Let d(f) = -4*p(f) + 11*y(f). Let a be d(8). What is the units digit of -7*(a/1 - -2)?
7
Suppose -9 = -3*t, -s = s - 3*t + 45. Let v be ((-14)/21)/(4/s). Suppose -v*d + 6 = 0, 2*d - 20 = -4*b + 6*d. What is the units digit of b?
7
Let v = 15 - 14. What is the units digit of v?
1
Suppose 3*b - 44 = 88. What is the tens digit of b?
4
Suppose -5*x = 40 - 105. Let n = 21 - x. What is the units digit of n?
8
Suppose o = -0*o + 4. Suppose 0 = -u - o*u + 80. Let w = u + -2. What is the tens digit of w?
1
Let n = -1 + 134. What is the hundreds digit of n?
1
Suppose 14 = 4*r - 970. What is the units digit of r/22 + 4/(-22)?
1
Suppose -m - 2*m = -15. Suppose -h = 5*y - m, -h - 4*h + 71 = 2*y. Suppose -h = -4*z + 17. What is the units digit of z?
8
Let g be 24 + -2 + 0/(-3). Let m = -14 + 20. Suppose g = -4*k + m*k. What is the tens digit of k?
1
Let b be 1/((-2)/3 - -1). Suppose b = 3*f - 33. Let w = -4 + f. What is the units digit of w?
8
Let q be (-7)/(-4) - (-1)/4. What is the units digit of 3*(2 - (q + -2))?
6
Let v(p) = -73*p + 2. Let n be v(-1). Suppose 0 = 6*h + 9 - n. What is the units digit of h?
1
Let d be (-2460)/(-35) - (-4)/(-14). Suppose -4*n = n + 5*b - 100, 2*b - d = -4*n. Let u = 2 + n. What is the units digit of u?
7
What is the tens digit of 1 + (12820/35 - 6/21)?
6
Let n(x) be the third derivative of x**5/15 - x**4/24 + x**3/3 - x**2. What is the tens digit of n(2)?
1
Suppose 0 = 2*p + p - 36. Suppose 12 = 4*w, -7 = -b - w + p. Suppose -a - 3*a + b = 0. What is the units digit of a?
4
Let x = -23 - -14. Let d = -7 - x. What is the units digit of d?
2
Let t(u) = 32*u + 4. What is the units digit of t(2)?
8
Suppose 4*q = 3*q + 7. Let l(y) = -y + y**2 + y**3 + 7*y + q*y**2. What is the units digit of l(-7)?
7
Suppose 4*b - b - 72 = -4*c, c - 109 = -4*b. What is the units digit of b?
8
Let v(p) = 19*p - 5. What is the units digit of v(2)?
3
Suppose -n - 5 + 15 = -5*s, 3*n + 8 = -4*s. Let u(q) = q**2 + 6*q + 3. Let t be u(s). Let j = t + 12. What is the units digit of j?
7
Suppose 6 = 2*i - 4. Suppose 0 = -3*n + i*z + 87, -3*z + 4 + 59 = 3*n. What is the tens digit of n?
2
Suppose w - 519 = -5*o, -7*w = -4*o - 5*w + 404. What is the tens digit of o?
0
Suppose 0 = -o + 4*o - 645. What is the hundreds digit of o?
2
Let n be -7 + 4 - 2/(-2). What is the tens digit of ((-4)/10)/(n/100)?
2
What is the units digit of ((-172)